(6).
-112
Let h(g) = -2*g**3 + 2*g**2 + 7. Calculate h(0).
7
Let w(f) = -3*f + 3. Determine w(-6).
21
Let h(u) = u**3 + 6*u**2 + 5*u + 12. Determine h(-6).
-18
Let l(x) = 50*x - 403. What is l(8)?
-3
Let b(a) = a**3 - 27*a**2 - a + 25. Calculate b(27).
-2
Let m(w) = w**3 + 3*w**2 - 5*w - 13. Determine m(-4).
-9
Let n(t) = -t**3 + 20*t**2 + 22*t - 18. Give n(21).
3
Let o(g) = -13*g - 13. Give o(3).
-52
Let x(q) = 2*q + 21. What is x(0)?
21
Let t(k) = -k**2 - 5*k + 6. Calculate t(-7).
-8
Let g(d) = -2*d**2 - 11*d - 19. Calculate g(-12).
-175
Let a(d) = 62*d + 309. Calculate a(-5).
-1
Let t(a) = a**2 - 7*a + 10. Give t(7).
10
Let n(a) = a**3 - 4*a**2 - a. What is n(4)?
-4
Let q(p) = -p**2 + 20*p - 33. What is q(16)?
31
Let u(a) = -a - 6. Give u(-9).
3
Let t(v) = v - 16. What is t(8)?
-8
Let m(l) = -l**2 - 6*l + 4. What is m(-10)?
-36
Let w(u) = u**3 + 5*u**2 + 7*u + 6. What is w(-4)?
-6
Let z(o) = 20*o - 5. What is z(3)?
55
Let g(l) = -5*l**3 + 2*l**2 + 2*l - 3. What is g(-1)?
2
Let c(d) = -d**2 - 3*d - 6. Calculate c(-4).
-10
Let t(p) = -p**2 + 8*p + 5. Determine t(9).
-4
Let z(r) = r**2 + 2*r - 5. Determine z(3).
10
Let j(p) = 7*p + 2. What is j(-1)?
-5
Let s(x) = 15*x - 25. Give s(1).
-10
Let o(i) = -i**2 + 19*i - 36. What is o(18)?
-18
Let c(i) = -2*i - 61. What is c(-25)?
-11
Let o(j) = 25*j + 252. Give o(-10).
2
Let x(b) = -4*b**3 + 28*b**2 + 14. Calculate x(7).
14
Let v(t) = -2*t**2 - 57*t - 80. Give v(-27).
1
Let s(n) = -11*n**2 - 141*n + 31. What is s(-13)?
5
Let v(b) = 15*b. Give v(1).
15
Let m(o) = 2*o + 1. Determine m(-5).
-9
Let r(x) = -x + 25. Calculate r(25).
0
Let o(d) = 14*d - 19. Give o(2).
9
Let h(l) = l**2 - 4*l + 6. Give h(6).
18
Let k(u) = -u**2 - u + 6. Determine k(-4).
-6
Let m(j) = j**3 + 3*j**2 - 8*j - 3. Give m(-5).
-13
Let z(a) = 8*a**2 + 4*a + 4. What is z(-1)?
8
Let o(y) = y**3 + 11*y**2 + 10*y - 6. What is o(-10)?
-6
Let a(o) = -o**2 + 8*o - 10. Give a(7).
-3
Let k(d) = -d**3 - 9*d**2 + 3*d + 11. Give k(-9).
-16
Let h(a) = -3*a**2 - 1. Calculate h(-2).
-13
Let t(m) = -3*m + 7. Determine t(-7).
28
Let w(v) = 3*v**2 - 2*v. Determine w(-3).
33
Let y(t) = -t**3 - 5*t**2 + 6*t + 8. Give y(-6).
8
Let f(j) = -6*j + 1. Calculate f(2).
-11
Let c(r) = 4*r + 1. Give c(-6).
-23
Let h(k) = -k**3 - 10*k**2 - 21*k + 5. Determine h(-6).
-13
Let g(p) = -p**3 + 3*p**2 + p - 4. Determine g(3).
-1
Let j(n) = 2*n**2 - 3*n + 1. Determine j(-2).
15
Let d(c) = c**2 + 17*c + 13. What is d(8)?
213
Let z(c) = c**2 + c - 30. What is z(0)?
-30
Let a(s) = -s**2 + 7*s - 11. Calculate a(12).
-71
Let t(q) = q**3 - 27*q**2 - 36*q + 215. What is t(28)?
-9
Let v(w) = -7*w + 11. What is v(0)?
11
Let o(q) = 14*q + 177. Determine o(-13).
-5
Let n(a) = a**3 - 5*a**2 + 2*a - 10. What is n(6)?
38
Let h(u) = -4*u + 30. What is h(8)?
-2
Let s(j) = -j**3 + 19*j - 14. Give s(0).
-14
Let m(d) = -3*d**3 - 47*d**2 + 17*d + 17. Give m(-16).
1
Let l(n) = -6*n**2 + 14*n + 12. Give l(3).
0
Let i(p) = -p**3 - 8*p**2 + 1. Calculate i(-8).
1
Let r(w) = w**3 - 8. What is r(0)?
-8
Let u(m) = -6*m - 55. Give u(-6).
-19
Let q(f) = -f**3 - 32*f**2 - 34*f - 69. What is q(-31)?
24
Let i(q) = 4*q**2 + 25*q + 45. What is i(-2)?
11
Let c(i) = i**2 - 10*i - 87. Give c(-6).
9
Let a(j) = -8*j - 3. What is a(-4)?
29
Let z(a) = -2*a - 5. What is z(-2)?
-1
Let d(i) = 3*i - 50. Determine d(-19).
-107
Let m(j) = -j**2 + 16*j + 61. Give m(19).
4
Let o(j) = -j**2 - 13*j - 29. Give o(-13).
-29
Let j(c) = -16*c + 3. Calculate j(6).
-93
Let a(h) = 2*h**3 - 9*h**2 - 6*h + 11. Determine a(5).
6
Let a(h) = 5*h + 45. Give a(-10).
-5
Let v(d) = d**3 + 7*d**2 + 6*d + 8. Determine v(-7).
-34
Let s(j) = -j**2 + 7*j. What is s(6)?
6
Let s(d) = -d**3 - 19*d**2 + 19*d - 22. Determine s(-20).
-2
Let t(r) = -4*r**2 + 3*r + 1. Calculate t(4).
-51
Let r(x) = -2*x**3 - 20*x**2 - 17*x + 6. What is r(-9)?
-3
Let h(i) = -i**2 - 5*i + 2. Calculate h(-5).
2
Let c(j) = 3*j**2 - 96*j + 2. Give c(32).
2
Let t(h) = 21*h - 3. Determine t(1).
18
Let i(w) = w**2 + 14*w + 14. Determine i(-13).
1
Let y(o) = -7*o**3 + o**2 + o + 1. What is y(-1)?
8
Let d(v) = 2*v - 17. Give d(12).
7
Let i(b) = -4*b - 12. Give i(-6).
12
Let u(b) = 2*b**2 + 61*b - 30. Give u(-31).
1
Let y(u) = u**2 - 7*u - 16. Determine y(9).
2
Let n(j) = 17*j**2 - 7*j - 6. What is n(-2)?
76
Let j(f) = 7*f + 4. Give j(2).
18
Let s(c) = c**3 + 11*c**2 - 7*c - 11. Give s(-11).
66
Let i(a) = 36*a**2 - 2*a - 1. What is i(-1)?
37
Let w(t) = -t + 1. Calculate w(6).
-5
Let k(z) = -z**2 + 9*z + 6. Determine k(5).
26
Let m(d) = d**2 + 4*d - 98. What is m(-12)?
-2
Let g(a) = -19*a - 20. Calculate g(4).
-96
Let g(t) = -t**2 - 10*t - 17. What is g(-4)?
7
Let k(b) = 3*b - 6. Give k(4).
6
Let n(w) = 2*w + 2. Give n(-2).
-2
Let t(i) = 3*i**2 - i - 53. Give t(7).
87
Let n(c) = -c**2 + 3*c + 2. What is n(-1)?
-2
Let o(b) = b - 21. Calculate o(18).
-3
Let y(i) = i**2 - i - 28. Calculate y(6).
2
Let b(z) = -z**3 - 18*z**2 + 2*z + 43. Determine b(-18).
7
Let g(l) = l**2 + 51*l - 220. What is g(4)?
0
Let s(x) = 2*x**3 + 18*x**2 - 6. Determine s(-9).
-6
Let f(s) = s**2 - 3*s - 6. Determine f(5).
4
Let w(b) = 12*b + 32. Calculate w(-4).
-16
Let t(q) = 4*q**2 + 26*q + 15. Determine t(-6).
3
Let w(i) = -i**3 - 9*i**2 - 9*i + 3. Determine w(-8).
11
Let v(n) = 7*n + 17. Calculate v(-7).
-32
Let s(w) = w - 14. What is s(8)?
-6
Let z(i) = -i**3 - 10*i**2 - 9*i - 6. Calculate z(-9).
-6
Let r(h) = h**3 + 17*h**2 - 17*h + 21. What is r(-18)?
3
Let c(a) = -a**2 + 10*a + 3. What is c(7)?
24
Let s(v) = -v**3 + 17*v**2 + 39*v - 11. Calculate s(19).
8
Let y(x) = x**3 + 6*x**2 - 9*x + 7. Give y(-8).
-49
Let r(y) = -y + 7. Give r(8).
-1
Let o(d) = -d**3 - 19*d**2 + 20*d - 3. Give o(-20).
-3
Let z(o) = o**2 + o - 3. Determine z(-3).
3
Let r(z) = 2*z**2 + 125*z - 202. Give r(-64).
-10
Let o(s) = -11*s**2 - 71*s - 12. Give o(-6).
18
Let m(d) = -d**2 - 12*d - 11. Determine m(-5).
24
Let p(a) = a**2 - 7*a - 16. What is p(11)?
28
Let m(f) = 6*f**3 + 2*f**2 + 3*f - 4. What is m(1)?
7
Let g(f) = f**2 - 14*f + 2. Calculate g(12).
-22
Let f(z) = 2*z + 43. What is f(-22)?
-1
Let p(z) = -z**3 - 5*z**2 + 3*z - 16. What is p(-5)?
-31
Let u(a) = a**3 - 9*a**2 - 14*a + 34. Determine u(10).
-6
Let c(a) = 8*a + 1. Give c(-5).
-39
Let l(x) = 2*x - 6. Determine l(-8).
-22
Let q(c) = -c**2 - 8*c + 79. Determine q(-14).
-5
Let n(w) = -w**2 - 21*w + 19. Calculate n(-23).
-27
Let w(q) = -3*q**2 - 3*q - 2. What is w(3)?
-38
Let y(p) = -p - 22. Calculate y(-20).
-2
Let y(d) = d**3 + 22*d**2 + 21*d - 14. Determine y(-21).
-14
Let x(y) = -5*y - 14. What is x(-31)?
141
Let v(x) = x - 14. Give v(20).
6
Let m(t) = -t**2 - 15*t - 45. Determine m(-7).
11
Let v(m) = -m**2 - 2. What is v(-3)?
-11
Let m(d) = -2*d**2 - 46*d + 59. Give m(-24).
11
Let f(s) = s**2 + 22*s - 10. Give f(-22).
-10
Let h(p) = -p**2 + 3*p + 2. What is h(3)?
2
Let b(o) = o**2 - 4*o - 37. Give b(11).
40
Let b(h) = h**3 + 10*h**2 + 16*h + 1. Calculate b(-8).
1
Let s(z) = z**2 + 6*z + 10. Calculate s(-8).
26
Let q(y) = -y**3 + 8*y**2 + 24*y - 21. Determine q(11).
-120
Let n(r) = -r**2 - r + 1. Calculate n(-6).
-29
Let b(k) = k**2 - 11*k + 22. Calculate b(7).
-6
Let b(y) = -y**3 - 5*y**2 - 7*y - 9. Determine b(-6).
69
Let u(t) = t**3 + 2*t**2 + 2*t - 1. Give u(-4).
-41
Let g(t) = 3*t**3 - 3*t**2 - t - 15. What is g(3)?
36
Let y(g) = 2*g**2 - 5*g - 12. What is y(4)?
0
Let k(t) = t**3 - 2*t**2 - 8*t + 10. What is k(4)?
10
Let g(l) = -l**2 - 11*l - 2. Give g(-10).
8
Let b(i) = -i**3 + 8*i**2 - 13*i + 14. Determine b(6).
8
Let r(m) = m**2 - 17*m + 9. Give r(14).
-33
Let c(b) = -b**2 - 45*b - 358. Calculate c(-35).
-8
Let f(o) = -2*o - 3. Calculate f(2).
-7
Let j(y) = -4*y - 69. Calculate j(-28).
43
Let t(b) = b**3 - 14*b**2 - 7*b + 33. Determine t(14).
-65
Let c(v) = -v**3 + 10*v**2 - 14*v + 9. Determine c(7).
58
Let l(x) = -x**3 + 18*x**2 - 30*x - 23. What is l(16)?
9
Let w(z) = -32*z + 324. Determine w(10).
4
Let h(p) = -p + 32. What is h(11)?
21
Let o(y) = y**3 + 8*y**2 + 2*y - 3. Calculate o(-7).
32
Let h(s) = -s**3 + 44*s**2 + 143*s - 89. What is h(47)?
5
Let s(d) = -2*d**2 - 1. Give s(-4).
-33
Let o(h) = -115*h - 1029. Give o(-9).
6
Let u(z) = 38*z - 134. Determine u(4).
18
Let k(r) = -r**2 + 9*r - 11. What is k(9)?
-11
Let g(w) = 8*w + 3. What is g(-6)?
-4